{"id":263,"date":"2019-02-04T14:53:51","date_gmt":"2019-02-04T13:53:51","guid":{"rendered":"http:\/\/masgemerrv.sk\/?page_id=263"},"modified":"2025-04-04T10:26:33","modified_gmt":"2025-04-04T08:26:33","slug":"strategie-clld","status":"publish","type":"page","link":"https:\/\/masgemerrv.sk\/index.php\/strategie-clld\/","title":{"rendered":"Strat\u00e9gie CLLD"},"content":{"rendered":"\t\t<div data-elementor-type=\"wp-page\" data-elementor-id=\"263\" class=\"elementor elementor-263\">\n\t\t\t\t\t\t<section class=\"elementor-section elementor-top-section elementor-element elementor-element-4e66ce8c elementor-section-boxed elementor-section-height-default elementor-section-height-default\" data-id=\"4e66ce8c\" data-element_type=\"section\" data-e-type=\"section\">\n\t\t\t\t\t\t<div class=\"elementor-container elementor-column-gap-default\">\n\t\t\t\t\t<div class=\"elementor-column elementor-col-100 elementor-top-column elementor-element elementor-element-54330546\" data-id=\"54330546\" data-element_type=\"column\" data-e-type=\"column\">\n\t\t\t<div class=\"elementor-widget-wrap elementor-element-populated\">\n\t\t\t\t\t\t<div class=\"elementor-element elementor-element-6a20a8fb elementor-widget elementor-widget-text-editor\" data-id=\"6a20a8fb\" data-element_type=\"widget\" data-e-type=\"widget\" data-widget_type=\"text-editor.default\">\n\t\t\t\t<div class=\"elementor-widget-container\">\n\t\t\t\t\t\t\t\t\t<h3>\u00a0<\/h3>\n<h3><strong>\u010co je CLLD?<\/strong><\/h3>\n<p>Miestny rozvoj veden\u00fd komunitou (CLLD \u2013 z anglick\u00e9ho v\u00fdrazu \u201eCommunity Led Local Development\u201c) je n\u00e1stroj na zap\u00e1janie miestnych akt\u00e9rov do rozhodovania o soci\u00e1lnom, environment\u00e1lnom a ekonomickom rozvoji svojho \u00fazemia. Je zalo\u017een\u00fd na princ\u00edpe zdola-nahor a na znakoch met\u00f3dy LEADER, doteraz vyu\u017e\u00edvanej len ako samostatn\u00e1 iniciat\u00edva Eur\u00f3pskej \u00fanie a nesk\u00f4r ako s\u00fa\u010das\u0165 programov rozvoja vidieka.<\/p>\n<p>Zjednodu\u0161ene \u2014 predstavitelia dotknut\u00e9ho mikroregi\u00f3nu si ur\u010dia vlastn\u00e9 rozvojov\u00e9 priority (strat\u00e9giu) a po schv\u00e1len\u00ed riadiacim org\u00e1nom si sami realizuj\u00fa v\u00fdber projektov.<\/p>\n<p>Tento pr\u00edstup je uskuto\u010d\u0148ovan\u00fd prostredn\u00edctvom Integrovan\u00fdch strat\u00e9gi\u00ed miestneho rozvoja (ISMR), resp. strat\u00e9gi\u00ed CLLD, ktor\u00e9 s\u00fa vypracovan\u00e9 vzh\u013eadom na miestne potreby a mo\u017enosti a zahr\u0148uj\u00fa inovat\u00edvne prvky via\u017euce sa na miestnu situ\u00e1ciu, vytv\u00e1ranie siet\u00ed a pr\u00edpadne spolupr\u00e1cu. Predkladate\u013eom a nosite\u013eom ISMR je \u00fazemne pr\u00edslu\u0161n\u00e9 verejno-s\u00fakromn\u00e9 partnerstvo, ktor\u00e9 po jej schv\u00e1len\u00ed pr\u00edslu\u0161n\u00fdm org\u00e1nom nadobudne \u0161tat\u00fat Miestnej ak\u010dnej skupiny (MAS).<\/p>\n<p>V programovom obdob\u00ed 2014 &#8211; 2020 sa met\u00f3da LEADER roz\u0161iruje aj do in\u00fdch opera\u010dn\u00fdch programov a in\u00fdch fondov E\u00da. V podmienkach SR sa CLLD bude vyu\u017e\u00edva\u0165 v r\u00e1mci Eur\u00f3pskeho po\u013enohospod\u00e1rskeho fondu (EPFRV) pre rozvoj vidieka prostredn\u00edctvom PRV SR 2014 &#8211; 2020 a v r\u00e1mci Eur\u00f3pskeho fondu region\u00e1lneho rozvoja (EFRR) prostredn\u00edctvom Integrovan\u00e9ho region\u00e1lneho opera\u010dn\u00e9ho programu 2014 \u2013 2020 (IROP).<\/p>\n<h3><strong>Strat\u00e9gia miestneho rozvoja veden\u00e9ho komunitou MAS Gemer-Ro\u017e\u0148ava<\/strong><\/h3>\n<p>MAS Gemer-Ro\u017e\u0148ava si vypracovala svoju Strat\u00e9giu miestneho rozvoja veden\u00e9ho komunitou MAS Gemer-Ro\u017e\u0148ava (\u010falej len \u201estrat\u00e9gia CLLD MAS Gemer-Ro\u017e\u0148ava\u201d), kde s\u00fa uveden\u00e9 ciele, opatrenia a \u010dinnosti, ktor\u00e9 m\u00e1 v pl\u00e1ne implementova\u0165 na danom \u00fazem\u00ed 14 obc\u00ed v zmysle SWOT anal\u00fdzy cel\u00e9ho s\u00favisl\u00e9ho \u00fazemia MAS. MAS Gemer-Ro\u017e\u0148ava bude sama vyhlasova\u0165 v\u00fdzvy, prij\u00edma\u0165 a posudzova\u0165 \u017eiadosti \/ projekty na realiz\u00e1ciu jednotliv\u00fdch \u010dinnost\u00ed strat\u00e9gie, navrhova\u0165 schv\u00e1lenie \/ neschv\u00e1lenie \u017eiadost\u00ed na kone\u010dn\u00e9 rozhodnutie riadiacemu org\u00e1nu a to v s\u00falade so <a href=\"http:\/\/masgemerrv.sk\/wp-content\/uploads\/2019\/02\/system_riadenia_clld_verzia_1_8_-_bez_sledovania_zmien.pdf\">Syst\u00e9mom riadenia CLLD<\/a>. Jednotliv\u00e9 opatrenia v r\u00e1mci PRV a IROP s\u00fa podrobnej\u0161ie rozp\u00edsan\u00e9 v \u010dasti CLLD\/V\u00ddZVY \/ Opatrenia<\/p>\n<p>Hlavnou \u00falohou implement\u00e1cie strat\u00e9gie CLLD je:<\/p>\n<ul>\n<li>zv\u00fd\u0161i\u0165 kvalitu \u017eivota vo vidieckych regi\u00f3noch, rozvoj mestsko-vidieckych vz\u0165ahov a verejn\u00fdch slu\u017eieb,<\/li>\n<li>prostredn\u00edctvom mobiliz\u00e1cie, zlep\u0161enia kvality a zvidite\u013enenia pr\u00edrodn\u00e9ho, historick\u00e9ho a \u013eudsk\u00e9ho potenci\u00e1lu \u00fazemia MAS pozdvihn\u00fa\u0165 atrakt\u00edvnos\u0165 regi\u00f3nu a kvalitu slu\u017eieb vidieckeho cestovn\u00e9ho ruchu,<br \/>podpori\u0165 prenos znalost\u00ed a inov\u00e1ci\u00ed medzi farm\u00e1rmi, prepoji\u0165 po\u013enohospod\u00e1rstvo a cestovn\u00fd ruch, zatrakt\u00edvni\u0165 ponuku regi\u00f3nu o kvalitn\u00e9 a zdrav\u00e9 v\u00fdrobky miestnych po\u013enohospod\u00e1rov, podpori\u0165 ich spracovanie a predaj u n\u00e1v\u0161tevn\u00edkov regi\u00f3nu i dom\u00e1ceho obyvate\u013estva,<\/li>\n<li>skvalitni\u0165 kult\u00farno-spolo\u010densk\u00fd \u017eivot v oblasti MAS Gemer-Ro\u017e\u0148ava.<\/li>\n<\/ul>\n<p><strong>Strat\u00e9gia miestneho rozvoja veden\u00e9ho komunitou MAS Gemer-Ro\u017e\u0148ava <\/strong>v znen\u00ed Dodatku \u010d. 2 &#8211; <a href=\"http:\/\/masgemerrv.sk\/wp-content\/uploads\/2019\/02\/CLLD-MAS-GemerRo\u017e\u0148ava-dodatok-\u010d.-2_Ak\u010dn\u00fd-pl\u00e1n.pdf\">dokument na stiahnutie<\/a><\/p>\n<p><a href=\"http:\/\/masgemerrv.sk\/wp-content\/uploads\/2019\/06\/Strategick\u00fd-dokument-CLLD-verzia-2.1__usmernenie_RO_PRV_c_3_BEZ_SLEDOVANIA_ZMIEN_MAS_Gemer_Roznava_6_4_70_percent_upravene-1.pdf\">Strat\u00e9gia CLLD &#8211; verzia: 2.1, \u00fa\u010dinn\u00e1 od 01.04.2019<\/a><\/p>\n<p><\/p>\n<p><a href=\"https:\/\/masgemerrv.sk\/wp-content\/uploads\/2023\/09\/strategia-clld-verzia-3.pdf\" target=\"_blank\" rel=\"noreferrer noopener\">Strat\u00e9gia CLLD &#8211; verzia: verzia 3, \u00fa\u010dinn\u00e1 od 12. 10. 2022<\/a><\/p>\n<p><\/p>\n<p><a href=\"http:\/\/masgemerrv.sk\/wp-content\/uploads\/2024\/12\/CLLD_MAS_GemerRV_verzia_4_2024_bez_SZ.pdf\" target=\"_blank\" rel=\"noreferrer noopener\">Strat\u00e9gia CLLD &#8211; verzia: verzia 4, \u00fa\u010dinn\u00e1 od 4.10.2024<\/a><\/p>\n<p><strong><a style=\"font-size: 15px;\" href=\"https:\/\/masgemerrv.sk\/wp-content\/uploads\/2025\/04\/CLLD-MAS-Gemer-Roznava-verzia-5-2025-bezSZ-1.pdf\">Strat\u00e9gia CLLD &#8211; verzia 5, \u00fa\u010dinn\u00e1 od 28.3.2025<\/a><\/strong><\/p>\n<p><\/p>\n<p><\/p>\t\t\t\t\t\t\t\t<\/div>\n\t\t\t\t<\/div>\n\t\t\t\t\t<\/div>\n\t\t<\/div>\n\t\t\t\t\t<\/div>\n\t\t<\/section>\n\t\t\t\t<\/div>\n\t\t","protected":false},"excerpt":{"rendered":"<p>\u00a0 \u010co je CLLD? Miestny rozvoj veden\u00fd komunitou (CLLD \u2013 z anglick\u00e9ho v\u00fdrazu \u201eCommunity Led Local Development\u201c) je n\u00e1stroj na zap\u00e1janie miestnych akt\u00e9rov do rozhodovania o soci\u00e1lnom, environment\u00e1lnom a ekonomickom rozvoji svojho \u00fazemia. Je zalo\u017een\u00fd na princ\u00edpe zdola-nahor a na znakoch met\u00f3dy LEADER, doteraz vyu\u017e\u00edvanej len ako samostatn\u00e1 iniciat\u00edva Eur\u00f3pskej \u00fanie a nesk\u00f4r ako s\u00fa\u010das\u0165 <a class=\"read-more\" href=\"https:\/\/masgemerrv.sk\/index.php\/strategie-clld\/\">\u010c\u00edta\u0165 viac&#8230;<\/a><\/p>\n","protected":false},"author":1,"featured_media":0,"parent":0,"menu_order":0,"comment_status":"closed","ping_status":"closed","template":"","meta":{"_eb_attr":"","footnotes":""},"class_list":["post-263","page","type-page","status-publish","hentry"],"_links":{"self":[{"href":"https:\/\/masgemerrv.sk\/index.php\/wp-json\/wp\/v2\/pages\/263","targetHints":{"allow":["GET"]}}],"collection":[{"href":"https:\/\/masgemerrv.sk\/index.php\/wp-json\/wp\/v2\/pages"}],"about":[{"href":"https:\/\/masgemerrv.sk\/index.php\/wp-json\/wp\/v2\/types\/page"}],"author":[{"embeddable":true,"href":"https:\/\/masgemerrv.sk\/index.php\/wp-json\/wp\/v2\/users\/1"}],"replies":[{"embeddable":true,"href":"https:\/\/masgemerrv.sk\/index.php\/wp-json\/wp\/v2\/comments?post=263"}],"version-history":[{"count":12,"href":"https:\/\/masgemerrv.sk\/index.php\/wp-json\/wp\/v2\/pages\/263\/revisions"}],"predecessor-version":[{"id":1891,"href":"https:\/\/masgemerrv.sk\/index.php\/wp-json\/wp\/v2\/pages\/263\/revisions\/1891"}],"wp:attachment":[{"href":"https:\/\/masgemerrv.sk\/index.php\/wp-json\/wp\/v2\/media?parent=263"}],"curies":[{"name":"wp","href":"https:\/\/api.w.org\/{rel}","templated":true}]}}