{"id":262,"date":"2019-02-04T14:53:51","date_gmt":"2019-02-04T13:53:51","guid":{"rendered":"http:\/\/masgemerrv.sk\/?page_id=262"},"modified":"2023-02-08T11:31:50","modified_gmt":"2023-02-08T10:31:50","slug":"uzitocne-odkazy","status":"publish","type":"page","link":"https:\/\/masgemerrv.sk\/index.php\/uzitocne-odkazy\/","title":{"rendered":"U\u017eito\u010dn\u00e9 odkazy"},"content":{"rendered":"<p><a href=\"https:\/\/www.apa.sk\/index.php?navID=503\">Syst\u00e9m riadenia CLLD (LEADER a komunitn\u00fd rozvoj) pre programov\u00e9 obdobie 2014-2020<\/a><\/p>\n<p><a href=\"https:\/\/www.apa.sk\/index.php?navID=797\">Pr\u00edru\u010dka pre prij\u00edmate\u013ea LEADER (PRV)<\/a><\/p>\n<p><a href=\"https:\/\/www.mirri.gov.sk\/mpsr\/irop-programove-obdobie-2014-2020\/clld\/programove-dokumenty\/prirucka-pre-uzivatela\/index.html\">Pr\u00edru\u010dka pre U\u017e\u00edvate\u013ea (IROP)<\/a><\/p>\n<p><a href=\"https:\/\/www.mirri.gov.sk\/mpsr\/irop-programove-obdobie-2014-2020\/clld\/programove-dokumenty\/implementacny-model\/index.html\">Implementa\u010dn\u00fd model (IROP)<\/a><\/p>\n<p><a href=\"https:\/\/eur-lex.europa.eu\/eli\/treaty\/tfeu_2012\/oj\">Zmluva o fungovan\u00ed Eur\u00f3pskej \u00fanie<\/a><\/p>\n","protected":false},"excerpt":{"rendered":"<p>Syst\u00e9m riadenia CLLD (LEADER a komunitn\u00fd rozvoj) pre programov\u00e9 obdobie 2014-2020 Pr\u00edru\u010dka pre prij\u00edmate\u013ea LEADER (PRV) Pr\u00edru\u010dka pre U\u017e\u00edvate\u013ea (IROP) Implementa\u010dn\u00fd model (IROP) Zmluva o fungovan\u00ed Eur\u00f3pskej \u00fanie<\/p>\n","protected":false},"author":1,"featured_media":0,"parent":0,"menu_order":0,"comment_status":"closed","ping_status":"closed","template":"","meta":{"_eb_attr":"","footnotes":""},"class_list":["post-262","page","type-page","status-publish","hentry"],"_links":{"self":[{"href":"https:\/\/masgemerrv.sk\/index.php\/wp-json\/wp\/v2\/pages\/262","targetHints":{"allow":["GET"]}}],"collection":[{"href":"https:\/\/masgemerrv.sk\/index.php\/wp-json\/wp\/v2\/pages"}],"about":[{"href":"https:\/\/masgemerrv.sk\/index.php\/wp-json\/wp\/v2\/types\/page"}],"author":[{"embeddable":true,"href":"https:\/\/masgemerrv.sk\/index.php\/wp-json\/wp\/v2\/users\/1"}],"replies":[{"embeddable":true,"href":"https:\/\/masgemerrv.sk\/index.php\/wp-json\/wp\/v2\/comments?post=262"}],"version-history":[{"count":6,"href":"https:\/\/masgemerrv.sk\/index.php\/wp-json\/wp\/v2\/pages\/262\/revisions"}],"predecessor-version":[{"id":1123,"href":"https:\/\/masgemerrv.sk\/index.php\/wp-json\/wp\/v2\/pages\/262\/revisions\/1123"}],"wp:attachment":[{"href":"https:\/\/masgemerrv.sk\/index.php\/wp-json\/wp\/v2\/media?parent=262"}],"curies":[{"name":"wp","href":"https:\/\/api.w.org\/{rel}","templated":true}]}}