{"id":2139,"date":"2025-07-04T12:34:54","date_gmt":"2025-07-04T10:34:54","guid":{"rendered":"https:\/\/masgemerrv.sk\/?page_id=2139"},"modified":"2025-11-07T08:38:24","modified_gmt":"2025-11-07T07:38:24","slug":"obec-krasnohorska-dlha-luka-komunitne-centrum-grofa-dionyza-andrassyho-v-obci-krasnohorska-dlha-luka","status":"publish","type":"page","link":"https:\/\/masgemerrv.sk\/index.php\/obec-krasnohorska-dlha-luka-komunitne-centrum-grofa-dionyza-andrassyho-v-obci-krasnohorska-dlha-luka\/","title":{"rendered":"Obec Kr\u00e1snohorsk\u00e1 Dlh\u00e1 L\u00faka &#8211; Komunitn\u00e9 centrum gr\u00f3fa Dion\u00fdza Andr\u00e1ssyho v obci Kr\u00e1snohorsk\u00e1 Dlh\u00e1 L\u00faka"},"content":{"rendered":"\n<figure class=\"wp-block-image size-full is-resized\"><img fetchpriority=\"high\" decoding=\"async\" width=\"1000\" height=\"585\" src=\"https:\/\/masgemerrv.sk\/wp-content\/uploads\/2025\/11\/krh-dlha-luka-upr.jpg\" alt=\"\" class=\"wp-image-2180\" style=\"width:1140px;height:auto\" srcset=\"https:\/\/masgemerrv.sk\/wp-content\/uploads\/2025\/11\/krh-dlha-luka-upr.jpg 1000w, https:\/\/masgemerrv.sk\/wp-content\/uploads\/2025\/11\/krh-dlha-luka-upr-300x176.jpg 300w, https:\/\/masgemerrv.sk\/wp-content\/uploads\/2025\/11\/krh-dlha-luka-upr-768x449.jpg 768w\" sizes=\"(max-width: 1000px) 100vw, 1000px\" \/><\/figure>\n\n\n\n<p><\/p>\n","protected":false},"excerpt":{"rendered":"","protected":false},"author":1,"featured_media":0,"parent":0,"menu_order":0,"comment_status":"closed","ping_status":"closed","template":"","meta":{"_eb_attr":"","footnotes":""},"class_list":["post-2139","page","type-page","status-publish","hentry"],"_links":{"self":[{"href":"https:\/\/masgemerrv.sk\/index.php\/wp-json\/wp\/v2\/pages\/2139","targetHints":{"allow":["GET"]}}],"collection":[{"href":"https:\/\/masgemerrv.sk\/index.php\/wp-json\/wp\/v2\/pages"}],"about":[{"href":"https:\/\/masgemerrv.sk\/index.php\/wp-json\/wp\/v2\/types\/page"}],"author":[{"embeddable":true,"href":"https:\/\/masgemerrv.sk\/index.php\/wp-json\/wp\/v2\/users\/1"}],"replies":[{"embeddable":true,"href":"https:\/\/masgemerrv.sk\/index.php\/wp-json\/wp\/v2\/comments?post=2139"}],"version-history":[{"count":2,"href":"https:\/\/masgemerrv.sk\/index.php\/wp-json\/wp\/v2\/pages\/2139\/revisions"}],"predecessor-version":[{"id":2181,"href":"https:\/\/masgemerrv.sk\/index.php\/wp-json\/wp\/v2\/pages\/2139\/revisions\/2181"}],"wp:attachment":[{"href":"https:\/\/masgemerrv.sk\/index.php\/wp-json\/wp\/v2\/media?parent=2139"}],"curies":[{"name":"wp","href":"https:\/\/api.w.org\/{rel}","templated":true}]}}