{"id":2090,"date":"2025-07-04T11:55:07","date_gmt":"2025-07-04T09:55:07","guid":{"rendered":"https:\/\/masgemerrv.sk\/?page_id=2090"},"modified":"2025-11-07T08:44:00","modified_gmt":"2025-11-07T07:44:00","slug":"mesto-roznava-zatraktivnenie-oddychovej-zony-v-prirodnej-lokalite-gulyapalag","status":"publish","type":"page","link":"https:\/\/masgemerrv.sk\/index.php\/mesto-roznava-zatraktivnenie-oddychovej-zony-v-prirodnej-lokalite-gulyapalag\/","title":{"rendered":"Mesto Ro\u017e\u0148ava &#8211; Zatrakt\u00edvnenie oddychovej z\u00f3ny v pr\u00edrodnej lokalite Gulyapalag"},"content":{"rendered":"\n<figure class=\"wp-block-image size-full\"><img fetchpriority=\"high\" decoding=\"async\" width=\"1000\" height=\"587\" src=\"https:\/\/masgemerrv.sk\/wp-content\/uploads\/2025\/11\/gulyapalag-upr.jpg\" alt=\"\" class=\"wp-image-2194\" srcset=\"https:\/\/masgemerrv.sk\/wp-content\/uploads\/2025\/11\/gulyapalag-upr.jpg 1000w, https:\/\/masgemerrv.sk\/wp-content\/uploads\/2025\/11\/gulyapalag-upr-300x176.jpg 300w, https:\/\/masgemerrv.sk\/wp-content\/uploads\/2025\/11\/gulyapalag-upr-768x451.jpg 768w\" sizes=\"(max-width: 1000px) 100vw, 1000px\" \/><\/figure>\n\n\n\n<p><\/p>\n","protected":false},"excerpt":{"rendered":"","protected":false},"author":1,"featured_media":0,"parent":0,"menu_order":0,"comment_status":"closed","ping_status":"closed","template":"","meta":{"_eb_attr":"","footnotes":""},"class_list":["post-2090","page","type-page","status-publish","hentry"],"_links":{"self":[{"href":"https:\/\/masgemerrv.sk\/index.php\/wp-json\/wp\/v2\/pages\/2090","targetHints":{"allow":["GET"]}}],"collection":[{"href":"https:\/\/masgemerrv.sk\/index.php\/wp-json\/wp\/v2\/pages"}],"about":[{"href":"https:\/\/masgemerrv.sk\/index.php\/wp-json\/wp\/v2\/types\/page"}],"author":[{"embeddable":true,"href":"https:\/\/masgemerrv.sk\/index.php\/wp-json\/wp\/v2\/users\/1"}],"replies":[{"embeddable":true,"href":"https:\/\/masgemerrv.sk\/index.php\/wp-json\/wp\/v2\/comments?post=2090"}],"version-history":[{"count":2,"href":"https:\/\/masgemerrv.sk\/index.php\/wp-json\/wp\/v2\/pages\/2090\/revisions"}],"predecessor-version":[{"id":2195,"href":"https:\/\/masgemerrv.sk\/index.php\/wp-json\/wp\/v2\/pages\/2090\/revisions\/2195"}],"wp:attachment":[{"href":"https:\/\/masgemerrv.sk\/index.php\/wp-json\/wp\/v2\/media?parent=2090"}],"curies":[{"name":"wp","href":"https:\/\/api.w.org\/{rel}","templated":true}]}}