{"id":2082,"date":"2025-07-04T11:22:44","date_gmt":"2025-07-04T09:22:44","guid":{"rendered":"https:\/\/masgemerrv.sk\/?page_id=2082"},"modified":"2025-07-04T11:22:44","modified_gmt":"2025-07-04T09:22:44","slug":"obec-kruzna-budovanie-doplnkovej-infrastruktury-altanok-v-obci-kruzna","status":"publish","type":"page","link":"https:\/\/masgemerrv.sk\/index.php\/obec-kruzna-budovanie-doplnkovej-infrastruktury-altanok-v-obci-kruzna\/","title":{"rendered":"Obec Kru\u017en\u00e1 &#8211; Budovanie doplnkovej infra\u0161trukt\u00fary &#8211; Alt\u00e1nok v obci Kru\u017en\u00e1"},"content":{"rendered":"\n<figure class=\"wp-block-image size-large\"><img fetchpriority=\"high\" decoding=\"async\" width=\"1024\" height=\"576\" src=\"https:\/\/masgemerrv.sk\/wp-content\/uploads\/2025\/07\/kruzna-altanok-1024x576.jpg\" alt=\"\" class=\"wp-image-2083\" srcset=\"https:\/\/masgemerrv.sk\/wp-content\/uploads\/2025\/07\/kruzna-altanok-1024x576.jpg 1024w, https:\/\/masgemerrv.sk\/wp-content\/uploads\/2025\/07\/kruzna-altanok-300x169.jpg 300w, https:\/\/masgemerrv.sk\/wp-content\/uploads\/2025\/07\/kruzna-altanok-768x432.jpg 768w, https:\/\/masgemerrv.sk\/wp-content\/uploads\/2025\/07\/kruzna-altanok-1536x864.jpg 1536w, https:\/\/masgemerrv.sk\/wp-content\/uploads\/2025\/07\/kruzna-altanok-2048x1152.jpg 2048w\" sizes=\"(max-width: 1024px) 100vw, 1024px\" \/><\/figure>\n\n\n\n<p><\/p>\n","protected":false},"excerpt":{"rendered":"","protected":false},"author":1,"featured_media":0,"parent":0,"menu_order":0,"comment_status":"closed","ping_status":"closed","template":"","meta":{"_eb_attr":"","footnotes":""},"class_list":["post-2082","page","type-page","status-publish","hentry"],"_links":{"self":[{"href":"https:\/\/masgemerrv.sk\/index.php\/wp-json\/wp\/v2\/pages\/2082","targetHints":{"allow":["GET"]}}],"collection":[{"href":"https:\/\/masgemerrv.sk\/index.php\/wp-json\/wp\/v2\/pages"}],"about":[{"href":"https:\/\/masgemerrv.sk\/index.php\/wp-json\/wp\/v2\/types\/page"}],"author":[{"embeddable":true,"href":"https:\/\/masgemerrv.sk\/index.php\/wp-json\/wp\/v2\/users\/1"}],"replies":[{"embeddable":true,"href":"https:\/\/masgemerrv.sk\/index.php\/wp-json\/wp\/v2\/comments?post=2082"}],"version-history":[{"count":1,"href":"https:\/\/masgemerrv.sk\/index.php\/wp-json\/wp\/v2\/pages\/2082\/revisions"}],"predecessor-version":[{"id":2084,"href":"https:\/\/masgemerrv.sk\/index.php\/wp-json\/wp\/v2\/pages\/2082\/revisions\/2084"}],"wp:attachment":[{"href":"https:\/\/masgemerrv.sk\/index.php\/wp-json\/wp\/v2\/media?parent=2082"}],"curies":[{"name":"wp","href":"https:\/\/api.w.org\/{rel}","templated":true}]}}