{"id":1375,"date":"2023-08-07T14:27:12","date_gmt":"2023-08-07T12:27:12","guid":{"rendered":"http:\/\/masgemerrv.sk\/?page_id=1375"},"modified":"2023-08-07T14:31:53","modified_gmt":"2023-08-07T12:31:53","slug":"archiv-vyziev-na-odborneho-hodnotitela","status":"publish","type":"page","link":"https:\/\/masgemerrv.sk\/index.php\/archiv-vyziev\/archiv-vyziev-na-odborneho-hodnotitela\/","title":{"rendered":"Arch\u00edv v\u00fdziev na odb. hodnotite\u013eov"},"content":{"rendered":"\t\t<div data-elementor-type=\"wp-page\" data-elementor-id=\"1375\" class=\"elementor elementor-1375\">\n\t\t\t\t\t\t<section class=\"elementor-section elementor-top-section elementor-element elementor-element-fcb55a9 elementor-section-boxed elementor-section-height-default elementor-section-height-default\" data-id=\"fcb55a9\" data-element_type=\"section\" data-e-type=\"section\">\n\t\t\t\t\t\t<div class=\"elementor-container elementor-column-gap-default\">\n\t\t\t\t\t<div class=\"elementor-column elementor-col-100 elementor-top-column elementor-element elementor-element-7223262\" data-id=\"7223262\" data-element_type=\"column\" data-e-type=\"column\">\n\t\t\t<div class=\"elementor-widget-wrap elementor-element-populated\">\n\t\t\t\t\t\t<div class=\"elementor-element elementor-element-04a2e8d elementor-grid-eael-col-1 elementor-grid-tablet-eael-col-2 elementor-grid-mobile-eael-col-1 elementor-widget elementor-widget-eael-post-grid\" data-id=\"04a2e8d\" data-element_type=\"widget\" data-e-type=\"widget\" data-settings=\"{&quot;eael_post_grid_columns&quot;:&quot;eael-col-1&quot;,&quot;eael_post_grid_columns_tablet&quot;:&quot;eael-col-2&quot;,&quot;eael_post_grid_columns_mobile&quot;:&quot;eael-col-1&quot;}\" data-widget_type=\"eael-post-grid.default\">\n\t\t\t\t<div class=\"elementor-widget-container\">\n\t\t\t\t\t<div id=\"eael-post-grid-04a2e8d\" class=\"eael-post-grid-container\">\n            <div class=\"eael-post-grid eael-post-appender eael-post-appender-04a2e8d eael-post-grid-style-three\" data-layout-mode=\"grid\"><article class=\"eael-grid-post  eael-post-grid-column eael-pg-post-1359 category-archiv-vyziev-vyzvy-na-odbornych-hodnotitelov-archiv\" data-id=\"1359\">\n        <div class=\"eael-grid-post-holder\">\n            <div class=\"eael-grid-post-holder-inner\"><div class=\"eael-entry-wrapper\"><header class=\"eael-entry-header\"><h2 class=\"eael-entry-title\"><a class=\"eael-grid-post-link\" href=\"https:\/\/masgemerrv.sk\/index.php\/2023\/08\/07\/vyzva-c-1-2020-mas_069-oh-na-vyber-odbornych-hodnotitelov\/\" title=\"V\u00fdzva \u010d. 1\/2020\/MAS_069\/OH na v\u00fdber odborn\u00fdch hodnotite\u013eov\">V\u00fdzva \u010d. 1\/2020\/MAS_069\/OH na v\u00fdber odborn\u00fdch hodnotite\u013eov<\/a><\/h2><\/header><div class=\"eael-entry-content\">\n                        <div class=\"eael-grid-post-excerpt\"><p>Miestna ak\u010dn\u00e1 skupina MAS Gemer-Ro\u017e\u0148ava si dovo\u013euje informova\u0165 o vyhl\u00e1sen\u00ed v\u00fdzvy \u010d. 1\/2020\/MAS_069\/OH na v\u00fdber odborn\u00fdch hodnotite\u013eov \u017eiadosti o nen\u00e1vratn\u00fd finan\u010dn\u00fd pr\u00edspevok z Programu rozvoja vidieka SR...<\/p><a href=\"https:\/\/masgemerrv.sk\/index.php\/2023\/08\/07\/vyzva-c-1-2020-mas_069-oh-na-vyber-odbornych-hodnotitelov\/\" class=\"eael-post-elements-readmore-btn\">\u010c\u00edta\u0165 viac...<\/a><\/div>\n                    <\/div><\/div><\/div>\n        <\/div>\n    <\/article><\/div>\n            <div class=\"clearfix\"><\/div>\n        <\/div>\t\t\t\t<\/div>\n\t\t\t\t<\/div>\n\t\t\t\t\t<\/div>\n\t\t<\/div>\n\t\t\t\t\t<\/div>\n\t\t<\/section>\n\t\t\t\t<\/div>\n\t\t","protected":false},"excerpt":{"rendered":"<p>V\u00fdzva \u010d. 1\/2020\/MAS_069\/OH na v\u00fdber odborn\u00fdch hodnotite\u013eov Miestna ak\u010dn\u00e1 skupina MAS Gemer-Ro\u017e\u0148ava si dovo\u013euje informova\u0165 o vyhl\u00e1sen\u00ed v\u00fdzvy \u010d. 1\/2020\/MAS_069\/OH na v\u00fdber odborn\u00fdch hodnotite\u013eov \u017eiadosti o nen\u00e1vratn\u00fd finan\u010dn\u00fd pr\u00edspevok z Programu rozvoja vidieka SR&#8230; \u010c\u00edta\u0165 viac&#8230;<\/p>\n","protected":false},"author":3,"featured_media":0,"parent":265,"menu_order":0,"comment_status":"closed","ping_status":"closed","template":"","meta":{"_eb_attr":"","footnotes":""},"class_list":["post-1375","page","type-page","status-publish","hentry"],"_links":{"self":[{"href":"https:\/\/masgemerrv.sk\/index.php\/wp-json\/wp\/v2\/pages\/1375","targetHints":{"allow":["GET"]}}],"collection":[{"href":"https:\/\/masgemerrv.sk\/index.php\/wp-json\/wp\/v2\/pages"}],"about":[{"href":"https:\/\/masgemerrv.sk\/index.php\/wp-json\/wp\/v2\/types\/page"}],"author":[{"embeddable":true,"href":"https:\/\/masgemerrv.sk\/index.php\/wp-json\/wp\/v2\/users\/3"}],"replies":[{"embeddable":true,"href":"https:\/\/masgemerrv.sk\/index.php\/wp-json\/wp\/v2\/comments?post=1375"}],"version-history":[{"count":7,"href":"https:\/\/masgemerrv.sk\/index.php\/wp-json\/wp\/v2\/pages\/1375\/revisions"}],"predecessor-version":[{"id":1382,"href":"https:\/\/masgemerrv.sk\/index.php\/wp-json\/wp\/v2\/pages\/1375\/revisions\/1382"}],"up":[{"embeddable":true,"href":"https:\/\/masgemerrv.sk\/index.php\/wp-json\/wp\/v2\/pages\/265"}],"wp:attachment":[{"href":"https:\/\/masgemerrv.sk\/index.php\/wp-json\/wp\/v2\/media?parent=1375"}],"curies":[{"name":"wp","href":"https:\/\/api.w.org\/{rel}","templated":true}]}}