{"id":1085,"date":"2022-07-22T08:54:34","date_gmt":"2022-07-22T06:54:34","guid":{"rendered":"http:\/\/masgemerrv.sk\/?page_id=1085"},"modified":"2022-07-22T09:01:34","modified_gmt":"2022-07-22T07:01:34","slug":"verejne-obstaravanie-2","status":"publish","type":"page","link":"https:\/\/masgemerrv.sk\/index.php\/verejne-obstaravanie-2\/","title":{"rendered":"Verejn\u00e9 obstar\u00e1vanie"},"content":{"rendered":"\n<ul class=\"wp-block-list\"><li><em><strong><a href=\"http:\/\/masgemerrv.sk\/wp-content\/uploads\/2022\/07\/zakon_VO_343_2015_zz_20220701.pdf\">Z\u00e1kon o verejnom obstar\u00e1van\u00ed<\/a> <\/strong><\/em>\u010d. 343\/2015 Z.z.<\/li><li><strong><em><a href=\"http:\/\/masgemerrv.sk\/wp-content\/uploads\/2022\/07\/Jednotna-prirucka-k-procesu-a-kontrole-VO-verzia-2-1.doc\">Jednotn\u00e1 pr\u00edru\u010dka, verzia, 2<\/a><\/em><\/strong> \u00fa\u010dinn\u00e1 od 31.3.2022, <a href=\"https:\/\/www.mirri.gov.sk\/mpsr\/irop-programove-obdobie-2014-2020\/clld\/programove-dokumenty\/prirucka-k-procesu-verejneho-obstaravania\/jppzpkpvoo\/index.html\">link<\/a><\/li><li><em><strong><a href=\"http:\/\/masgemerrv.sk\/wp-content\/uploads\/2022\/07\/SZ_Jednotna-prirucka-k-procesu-a-kontrole-VO-verzia-2.doc\">Jednotn\u00e1 pr\u00edru\u010dka, verzia 1<\/a>,<\/strong><\/em> \u00fa\u010dinn\u00e1 od 15.06.2021, <a href=\"https:\/\/www.mirri.gov.sk\/mpsr\/irop-programove-obdobie-2014-2020\/clld\/programove-dokumenty\/prirucka-k-procesu-verejneho-obstaravania\/jppzpkpvoo\/index.html\">link<\/a><\/li><li><strong><em><a href=\"http:\/\/masgemerrv.sk\/wp-content\/uploads\/2022\/07\/Usmernenie-RO-pre-IROP-k-posudzovaniu-zmeny-zmluvy-z-dovodu-rastucich-nakladov-tovarov_april_2022.pdf\">Usmernenie RO pre IROP k posudzovaniu zmeny zmluvy z d\u00f4vodu rast\u00facich n\u00e1kladov tovarov, slu\u017eieb a pr\u00e1c<\/a><\/em><\/strong><\/li><li><a href=\"http:\/\/masgemerrv.sk\/wp-content\/uploads\/2022\/07\/metodicke-usmernenie-9408-5000-2021.pdf\">Metodick\u00e9 usmernenie 9408-5000-2021<\/a> zo 14.09.2021<\/li><li><em><strong><a href=\"http:\/\/masgemerrv.sk\/wp-content\/uploads\/2022\/07\/stanovisko_PPA-k-naveniu-cien-po-vo.doc\">Stanovisko PPA k nav\u00fd\u0161eniu cien<\/a> <\/strong><\/em>po verejnom obstar\u00e1van\u00ed zo d\u0148a 18. j\u00fala 2022, <a href=\"https:\/\/www.nsrv.sk\/index.php?pl=92&amp;article=2798\">link<\/a><\/li><li><strong><em>Metodick\u00e9 pokyny CKO<\/em><\/strong> &#8211; <a href=\"https:\/\/www.partnerskadohoda.gov.sk\/metodicke-pokyny-cko-a-uv-sr\/\">link<\/a><\/li><li><strong>Usmernenie PPA \u010d. 8\/2017<\/strong> k obstar\u00e1vaniu tovarov, stavebn\u00fdc pr\u00e1c a slu\u017eieb financovan\u00fdch z PRV SR 2014-2020 &#8211; aktualiz\u00e1cia \u010d. 4, <a href=\"https:\/\/www.apa.sk\/usmernenia-ppa\">link<\/a> <\/li><\/ul>\n","protected":false},"excerpt":{"rendered":"<p>Z\u00e1kon o verejnom obstar\u00e1van\u00ed \u010d. 343\/2015 Z.z. Jednotn\u00e1 pr\u00edru\u010dka, verzia, 2 \u00fa\u010dinn\u00e1 od 31.3.2022, link Jednotn\u00e1 pr\u00edru\u010dka, verzia 1, \u00fa\u010dinn\u00e1 od 15.06.2021, link Usmernenie RO pre IROP k posudzovaniu zmeny zmluvy z d\u00f4vodu rast\u00facich n\u00e1kladov tovarov, slu\u017eieb a pr\u00e1c Metodick\u00e9 usmernenie 9408-5000-2021 zo 14.09.2021 Stanovisko PPA k nav\u00fd\u0161eniu cien po verejnom obstar\u00e1van\u00ed zo d\u0148a 18. <a class=\"read-more\" href=\"https:\/\/masgemerrv.sk\/index.php\/verejne-obstaravanie-2\/\">\u010c\u00edta\u0165 viac&#8230;<\/a><\/p>\n","protected":false},"author":1,"featured_media":0,"parent":0,"menu_order":0,"comment_status":"closed","ping_status":"closed","template":"","meta":{"_eb_attr":"","footnotes":""},"class_list":["post-1085","page","type-page","status-publish","hentry"],"_links":{"self":[{"href":"https:\/\/masgemerrv.sk\/index.php\/wp-json\/wp\/v2\/pages\/1085","targetHints":{"allow":["GET"]}}],"collection":[{"href":"https:\/\/masgemerrv.sk\/index.php\/wp-json\/wp\/v2\/pages"}],"about":[{"href":"https:\/\/masgemerrv.sk\/index.php\/wp-json\/wp\/v2\/types\/page"}],"author":[{"embeddable":true,"href":"https:\/\/masgemerrv.sk\/index.php\/wp-json\/wp\/v2\/users\/1"}],"replies":[{"embeddable":true,"href":"https:\/\/masgemerrv.sk\/index.php\/wp-json\/wp\/v2\/comments?post=1085"}],"version-history":[{"count":3,"href":"https:\/\/masgemerrv.sk\/index.php\/wp-json\/wp\/v2\/pages\/1085\/revisions"}],"predecessor-version":[{"id":1095,"href":"https:\/\/masgemerrv.sk\/index.php\/wp-json\/wp\/v2\/pages\/1085\/revisions\/1095"}],"wp:attachment":[{"href":"https:\/\/masgemerrv.sk\/index.php\/wp-json\/wp\/v2\/media?parent=1085"}],"curies":[{"name":"wp","href":"https:\/\/api.w.org\/{rel}","templated":true}]}}